t z(i) = -2*i + 16. Let o be z(4). Calculate the highest common divisor of 5 and o.
1
Suppose 8*d + 11 = 139. Calculate the highest common factor of 16 and d.
16
Suppose 2*w = 4*w - 8. Suppose 0 = 10*v - 5*v - 150. Suppose -v = -w*p + 10. What is the highest common factor of 90 and p?
10
Let t = -1598 - -1617. Suppose -1881 = -2*k - k. Suppose x = -2*x + k. Calculate the greatest common divisor of x and t.
19
Let q be (2/(-3))/(2/(-6)). Let o(h) = 2*h + 22. Let a be o(-10). Suppose -w + 42 = a*w. What is the greatest common factor of w and q?
2
Let z be -54 - -56 - (0 + -50). Calculate the highest common factor of z and 156.
52
Suppose -20 = -3*m + n + n, 5*m - 31 = n. Let o be 416/39 - 4/m. Calculate the highest common divisor of 70 and o.
10
Let p(i) = 2*i - 6. Let o be p(5). Let c be (o - (-3)/(-1))*56. Suppose 12 = 2*a + 2*w, 0*a = -4*a + 4*w + c. Calculate the highest common factor of a and 90.
10
Suppose 7*u = 2*u, 4*m + 304 = -4*u. Let w = 50 - m. Suppose -5*r = -k + w - 428, r + k = 58. What is the greatest common factor of 15 and r?
15
Let c be -9 + -12 - (-3)/1. Let b(h) = h**2 + 15*h - 24. Let k be b(c). What is the greatest common divisor of 50 and k?
10
Let m = 7 - -23. Let r be ((m/(-3))/2)/(-1). Suppose 0 = -v + r*v - 60. Calculate the highest common divisor of v and 60.
15
Suppose -7*w - 12*w = -475. Suppose 0 = 4*q + a - 17, -7*q + 4*q = 4*a - 3. Calculate the highest common divisor of w and q.
5
Let o(n) = -3*n + 21. Let d be o(5). Let p be (211 - 2 - 5)*4/d. Calculate the highest common divisor of 17 and p.
17
Let j(p) = -6*p + 21. Let g be j(5). Let v be (-2)/9 - 119/g. Calculate the greatest common factor of 104 and v.
13
Suppose -83 - 106 = -g. Suppose 0 = -2*x + x + 5*k + 81, -k = -2*x + g. Calculate the highest common divisor of 12 and x.
12
Let d be -8*(-2)/4 + 20. Let w = 43 + -39. Calculate the greatest common divisor of d and w.
4
Let l = -2533 + 2650. Let u(j) = -j**3 + j**2 - j. Let f be u(-3). What is the greatest common divisor of f and l?
39
Let g = -1768 + 1876. Calculate the greatest common factor of 516 and g.
12
Let b(s) = 25*s - 15. Let t be b(2). Calculate the highest common factor of t and 21.
7
Suppose 4*u + 5*c = -7, -37 = 4*u + c - 2*c. Let g(b) = b**3 + 8*b**2 + 8. Let y be g(u). What is the highest common divisor of 40 and y?
8
Let i = -1006 - -1159. What is the highest common divisor of 4437 and i?
153
Suppose 5*x - 157 = -m, 0 = 4*m - 19*x + 22*x - 713. What is the greatest common factor of m and 14?
14
Let x = 74 + -41. Calculate the highest common divisor of 363 and x.
33
Let h(r) be the second derivative of 2*r**3 - 3*r**2/2 - 2*r. Let d be h(2). Calculate the highest common factor of 147 and d.
21
Suppose 0 = -75*b + 4809 + 441. Calculate the greatest common factor of 2030 and b.
70
Suppose -o + 24 = -5*l, o - 27*l + 23*l - 26 = 0. What is the greatest common factor of 731 and o?
17
Let c(q) = 33*q + 2. Let a be c(1). Let u = a + -49. Let f = u - -21. Calculate the highest common factor of 14 and f.
7
Let p be ((-43624)/(-20))/7 + (-8)/(-20). Calculate the greatest common factor of 48 and p.
24
Let s be 33/(-99)*-63*1. Suppose -4*b + 9*b = -4*q + 37, 5*q - 5*b = -10. What is the greatest common divisor of s and q?
3
Suppose -22 = -3*v + 11. Suppose -18*n - 130 + 1966 = -342. Calculate the highest common divisor of v and n.
11
Let d = 56 - 28. What is the highest common divisor of 196 and d?
28
Suppose 4*t - 6*t = -4*t. Suppose t = -5*r + 31 + 14. What is the highest common factor of 99 and r?
9
Suppose 2*p - 147 - 203 = -4*c, -4*c + 320 = -4*p. Calculate the greatest common divisor of 85 and c.
85
Let n(l) = l + 5. Suppose 0 = -4*w - 4*s - 8, 3*w - 2*s + 16 = -0*s. Let u = w - -21. Let a be n(u). Calculate the highest common divisor of 11 and a.
11
Let k = 107 - -197. Let o = k - 193. What is the highest common factor of 74 and o?
37
Let i = -24 - -101. Let x = -19 - -29. Let w be (26/x + -4)*-5. Calculate the greatest common divisor of i and w.
7
Let j(s) be the first derivative of 7*s**2 - 7*s - 5. Let k be j(5). Calculate the greatest common factor of 9 and k.
9
Let y be ((-64)/6)/(4/(-30)). Suppose -4*p - 6 = -q, 0 = 3*q - p - 2*p - 27. Calculate the greatest common factor of y and q.
10
Suppose 3*c = 4*a + a - 29, 4*c = -12. Suppose -z + 22 = 5*n, a*n + n + 2*z = 24. Let o = n + 2. What is the highest common divisor of o and 42?
6
Suppose -a = -4*q + 108, 5*q - 82 = -2*a + 40. Let c be 2/((-22)/q - -1). What is the highest common factor of c and 13?
13
Let o be ((-1675)/20)/(-5) + 5/4. What is the greatest common divisor of 144 and o?
18
Let c = -928 - -966. What is the greatest common divisor of c and 1311?
19
Let g(q) = -q**2 - 4*q + 14. Let u be g(2). Calculate the greatest common divisor of u and 18.
2
Let w(x) = x**3 + 54*x**2 - 13*x - 90. Let v be w(-54). What is the highest common factor of 54 and v?
18
Suppose -2*p = -o + 518, 4*o - 6*p = -11*p + 2033. Calculate the greatest common factor of o and 40.
8
Suppose v - 14 = 8. Let z be 40/v - 4/(-22). Suppose 0 = -z*p - p + 462. Calculate the highest common divisor of 14 and p.
14
Let s = -39 - -94. Suppose 20 = v - 5*c, -4*v - 4*c = -0*c + 40. Let n be (4 - (-15)/v) + 10. What is the highest common factor of n and s?
11
Let f be 0 + 7*2 - -1. Suppose -9 = -4*z + 3. Suppose 0 = 2*p + r - 8, 4*p - z*r = -0*r + 36. Calculate the greatest common factor of f and p.
3
Suppose -200 = -7*o + 3*o. Let l = 68 - o. What is the highest common factor of 54 and l?
18
Let x(c) = 13*c - 45. Let t be x(6). Calculate the highest common divisor of 143 and t.
11
Suppose -2 - 10 = -6*d. Suppose 0 = -w - d*w + 168. What is the greatest common factor of 70 and w?
14
Let y(v) = 15*v. Let x be y(1). Let t be 6/x - 3/(-5). Suppose -11*l - 42 = -53. Calculate the highest common factor of l and t.
1
Let p(f) = -f**2 - 21*f + 6. Let x be p(-20). Let g = 39 - x. Calculate the highest common factor of g and 117.
13
Let k(m) = -2*m - 24. Let i be k(-13). Calculate the greatest common factor of 142 and i.
2
Suppose -5*f = -2*d + 86, 5*f = 3*d + f - 122. Let l be 2 + 3240/35 + (-12)/(-28). Calculate the greatest common divisor of l and d.
19
Let v = -556 - -598. What is the greatest common factor of v and 12?
6
Suppose -1322*y + 1307*y + 3045 = 0. What is the highest common factor of y and 116?
29
Let y be 1805/228 - 2/(-24). What is the greatest common factor of y and 152?
8
Let h(o) = 6*o + 55 - 4*o - 4*o - 53. Let c be h(0). Calculate the highest common factor of 2 and c.
2
Let x(y) = -8*y - 24. Let f be x(-5). Calculate the greatest common factor of 60 and f.
4
Let q be (5/(-6))/(2/(-84)). Calculate the greatest common factor of q and 28.
7
Let m(v) = -v**2 + 7*v + 2. Let o be m(7). Let h be (4/(-6))/(o/(-3)). Let n be (-3)/(2/4*-3). What is the greatest common factor of n and h?
1
Let j(l) = l**2 - 28*l + 63. Let f be j(31). Calculate the greatest common factor of f and 108.
12
Let n(d) = -41*d - 102. Let q be n(-6). Suppose 5*l - 122 = -32. Calculate the greatest common divisor of q and l.
18
Let c be (144/28)/((20/21)/10). Calculate the greatest common factor of c and 306.
18
Let n = 1020 + -761. Calculate the highest common factor of n and 7.
7
Let b = -10 - -13. Suppose b*x = 2*x + 10. What is the highest common divisor of 70 and x?
10
Suppose -21 = 2*h - 9*h. Suppose 2*r - 442 = -0*z - 4*z, -h*z + 334 = 4*r. Calculate the highest common factor of z and 44.
22
Let n(t) = 264*t. Let l be n(1). Let r be 99/15*(-2 - -7). Calculate the greatest common factor of r and l.
33
Suppose 0 = 2*l - 3*q - 13, 0*q = l + 3*q - 11. Suppose l*g = 3*g + 390. Calculate the greatest common factor of 26 and g.
26
Let a(c) = c**3 + 11*c**2 + 11*c + 3. Let i be a(-10). Let m = 3 + i. Let l be (-197)/(-13) + m/26. What is the greatest common divisor of l and 45?
15
Suppose 4*r = d - 21, -2*r + 5 = 5*d - 12. Calculate the highest common factor of 165 and d.
5
Let b(m) = -m**2 - 16*m - 6. Suppose 18 = -2*u - 12. Let i be b(u). What is the highest common divisor of 3 and i?
3
Let l be (-58)/1363 - (-33842)/47. What is the highest common divisor of 270 and l?
90
Suppose 9 = z + 3. Suppose -z*h - 432 = -15*h. What is the highest common factor of 6 and h?
6
Let c = 13 - -780. What i